-v = -3*q - q. Calculate the remainder when 103 is divided by q.
33
Suppose -x - u + 395 = -0*x, -1974 = -5*x - 4*u. What is the remainder when x is divided by 34?
20
Let w(j) = 2*j**3 - 13*j**2 - 4*j + 3. Calculate the remainder when 275 is divided by w(7).
11
Let z = -4 + 8. Suppose 184 + 20 = z*v. Calculate the remainder when v is divided by (-145)/(-11) + 56/(-308).
12
Let o be -17*(1 - 4 - -1). Let p = o - -1. Calculate the remainder when p is divided by 6.
5
Suppose 23*a - 26*a = -93. Let g(w) = 4*w**2 + 10*w + 8. Calculate the remainder when g(-6) is divided by a.
30
Let o be 1/(-3)*(-18)/6. Let r = 11 - o. What is the remainder when 21 is divided by 2/6*(r + 8)?
3
Let q = 100 - -68. What is the remainder when q is divided by 17?
15
Let v = 27 + -19. Suppose -5*i = -0*i + 3*y + 26, 3*i + 3*y + 18 = 0. What is the remainder when (28/(-16))/(-7) + (-119)/i is divided by v?
6
Let b(f) = f**2 - f - 38. Let i be b(0). Let a = i + 71. What is the remainder when a is divided by -2*(0 + (-7)/2)?
5
Calculate the remainder when 118 + (5/(-1) + 6)*5 is divided by 56.
11
Suppose -13*p + 140 = -6*p. What is the remainder when (0 + 1)*(-198)/(-2) is divided by p?
19
Suppose -126 = -0*s - 9*s. What is the remainder when 894 is divided by s?
12
Let b(y) = -4*y**2 - 13*y + 24. Let c(z) = 6*z**2 + 20*z - 36. Let v(d) = -8*b(d) - 5*c(d). What is the remainder when 142 is divided by v(-6)?
34
What is the remainder when 52 is divided by (-296)/(-14) + 2 - 50/350?
6
Let a = 50 - -1. Suppose -z = f - 142, 66 + a = z - 4*f. Let w = z - 90. What is the remainder when w is divided by 24?
23
Let v = -2 + 22. Let s = 4 - 24. Calculate the remainder when v is divided by (44/s)/(4/(-20)).
9
Let r = 3008 - 2779. What is the remainder when r is divided by 66?
31
Let w(c) = -4*c**2 + 13*c + 13. Calculate the remainder when 5 is divided by w(4).
0
Suppose -p = -75 - 1. What is the remainder when 24 is divided by (-4 - p/(-28))*-7?
6
Calculate the remainder when 216 is divided by (-37)/((90/20)/(-9)).
68
Let v(t) be the third derivative of t**5/30 - 5*t**4/24 - t**3 - 25*t**2. Calculate the remainder when 106 is divided by v(-2).
10
Let d(g) = g**3 + 3*g**2 + 4. Suppose 12*i - 7*i + 15 = 0. Suppose 5*v = 5*a + 20, 12 = 2*v + 3*a - 7*a. What is the remainder when d(i) is divided by v?
0
Let x = 7 + 12. Suppose -p - 4 = -3*p. Suppose -2*t = -3*s - 3 - 52, -130 = -4*t + p*s. What is the remainder when t is divided by x?
16
Suppose 4539 = 10*r - 1511. Calculate the remainder when r is divided by 32.
29
Let y be (-807)/(-15) + 6/30. What is the remainder when 51 is divided by (1 - (-4)/(-6))*y?
15
Let f(p) = -p**3 - 9*p**2 + 7*p - 9. Let q(y) = y + 9. Let i be q(-19). Calculate the remainder when f(i) is divided by 12.
9
Suppose 25*l - 24*l = -1. What is the remainder when 21 is divided by (l - (2 - 2))*-8?
5
Let o = -8 + 17. Let r = 54 + -55. What is the remainder when r/4 + 195/12 is divided by o?
7
Let m = 7 + -5. Let b be 10/55 + m/(-11). Calculate the remainder when 23 is divided by 6 + 0/(1 - b).
5
Suppose -4*o + 8 = a - 0, 5*o + 15 = 0. Let q(v) = v**3 + 7*v**2 - 7. Let z be q(-7). Let t = a + z. What is the remainder when t is divided by 3?
1
Suppose -13*c = 8*c - 420. Calculate the remainder when c is divided by 1.
0
Let k = -1922 + 2120. Calculate the remainder when k is divided by 5.
3
Calculate the remainder when 163 is divided by (-4)/(-8)*-134*-1.
29
Suppose 5*i - 15 = 5. Let m(p) be the third derivative of p**4/2 - p**3/2 - 92*p**2. What is the remainder when m(i) is divided by 23?
22
What is the remainder when 1287 is divided by (-15 + (-105)/10)/((-6)/8)?
29
Suppose -50*c = -49*c - 46. What is the remainder when 151 is divided by c?
13
Suppose -4*m + 5*s + 40 = 0, s + 1 + 8 = m. Calculate the remainder when m is divided by 1.
0
Let i(b) = 15*b - 13 - 5 - 13 - 10. What is the remainder when i(5) is divided by 9?
7
Let d = -9 - -40. Calculate the remainder when (-10)/(-25)*-5 - (1 + -125) is divided by d.
29
Let m be (-112)/12*2*(-18)/8. Let l = m + -24. What is the remainder when 71 is divided by l?
17
Suppose 5*z - 65 = -n, 26*n + 10 = 28*n. What is the remainder when 98 is divided by z?
2
Let y(v) = 531*v + 24. Suppose z = 2*z - 71. What is the remainder when z is divided by y(0)?
23
Suppose 4*s = 3*s - 4*k - 4, -4*s = -5*k - 26. Let y = s + -2. Suppose -y*m + 2*j + 26 = 0, 2*j = 6*j + 16. Calculate the remainder when m is divided by 6.
3
Suppose 270 = -54*n + 3672. Let f(z) = 14*z - 1. What is the remainder when n is divided by f(1)?
11
Let i = 22 + -13. Let x be ((59*6)/(-3))/(1 + -3). Let q = x + -26. Calculate the remainder when q is divided by i.
6
Let q(x) = x**3 - 8*x**2 + 8*x. Let o = 21 + -85. What is the remainder when 4 + -3*o/12 is divided by q(7)?
6
Let g(i) = 4*i + 1. Let z be g(2). Calculate the remainder when 45 is divided by 3/z + (-282)/(-18).
13
Let j = -27 + 22. What is the remainder when 103 is divided by 4*(-3)/30 + (-132)/j?
25
Suppose 9*k = 12*k - 192. Calculate the remainder when k is divided by 4.
0
Let w be -2*(3 + (1 - 12)). Let l(b) = 0*b - b - w + 3 - 4*b. What is the remainder when l(-11) is divided by 9?
6
Suppose 5*w - 258 = -3*m, m - 2*w - 66 = 3*w. Suppose -2*b = -4*b + 116. Let v = m - b. What is the remainder when v is divided by 13?
10
Let y(d) = 11*d - 19. Calculate the remainder when y(13) is divided by 5.
4
Suppose 3*j - 7*j - 4*c + 12 = 0, 4*j + 2*c - 12 = 0. Let x(a) = a**3 + a**2 - 2*a - 1. Calculate the remainder when 113 is divided by x(j).
26
Let x(z) = -5*z**2 - 78*z - 31. What is the remainder when 19 is divided by x(-15)?
5
Suppose -4231*y - 120 = -4239*y. What is the remainder when 163 is divided by y?
13
Suppose -403*p = -409*p + 7302. What is the remainder when p is divided by 53?
51
Suppose 0 = a + 2*v + v - 11, v = -4*a + 99. Calculate the remainder when 42 is divided by a.
16
Calculate the remainder when 57 is divided by ((-7)/63*3)/(1/(-141)).
10
Suppose 0*y = -5*y + 20. Suppose y = 4*m + 8. Calculate the remainder when m*4 - (5 + -54) is divided by 16.
13
Let u(l) be the first derivative of -l**4/4 - 5*l**3/3 + 3*l**2 + 9*l + 1. What is the remainder when u(-6) is divided by (-1 - -2)*(-20)/(-4)?
4
What is the remainder when 2 is divided by (-12)/(-9) - (-3 + (-21)/(-9))?
0
Let h(f) = f**3 - 28*f**2 - 62*f + 67. Calculate the remainder when 20 is divided by h(30).
6
Let f(c) = c**2 - 5*c - 56. Let i = -4 + 10. Calculate the remainder when f(-6) is divided by i.
4
Let p = -1 + 14. Suppose -2*n = -0*n - w - 1, -n + 14 = 4*w. Suppose 0 = 3*j + n*h - 119, -4*h - 21 = -2*j + j. Calculate the remainder when j is divided by p.
11
Let h(r) = -r**2 + 7*r + 325. What is the remainder when 141 is divided by h(21)?
17
Let h(s) = s**2 - 4*s + 3. Suppose 457*n - 463*n = -54. What is the remainder when h(7) is divided by n?
6
Suppose 0 = -4*v - 4*c + 12, -5*c - 3 = -5*v + v. Let a = -7 - -5. Calculate the remainder when 1/a - (-47)/v is divided by 12.
11
Calculate the remainder when 285 is divided by (-6 - 126/8)*8/(-3).
53
Let w = 127 + 16. Calculate the remainder when w is divided by 21.
17
Let w be 4*(-3 + 4) + 1. Suppose 0 = w*i - x - 20, -i + 3*i + 5*x + 19 = 0. What is the remainder when 9 is divided by i?
0
Suppose -s + 6*s - 20 = 0. Suppose -18 = s*i - 78. Suppose 31*x + 4*u = 29*x + 124, 47 = x - 3*u. What is the remainder when x is divided by i?
11
Suppose -5*g + z = 74 - 201, 0 = 2*z - 6. Let m be 0 + (3 - 1 - 0). Suppose m*b = 3*b - 7. What is the remainder when g is divided by b?
5
Let r = 334 + -315. Let p(y) be the second derivative of -y**4/12 - 4*y**3/3 - y**2 + y. Calculate the remainder when r is divided by p(-7).
4
Let r(k) = -2*k**3 + 7*k**2 - k + 5. Let m be r(5). Let a = 143 + m. Let o = 81 + -58. What is the remainder when a is divided by o?
22
Calculate the remainder when 23946/117*((-14)/(-4) + -2) is divided by 7.
6
Suppose 3*a - 585 = 4*w, 4*a = -3*w - 171 - 299. Let x = w - -249. What is the remainder when x is divided by 34?
31
Let w = 150 - 134. What is the remainder when 45 is divided by (w/6)/(9/81)?
21
Let u be 768/10 + 0 - 20/(-100). Suppose -115 = -12*j + u. Calculate the remainder when 58 is divided by j.
10
Suppose -3*s - 3 = 6. Let z = 5 + s. Suppose -173 = -z*r + 63. Calc